and 550835?
205
What is the greatest common factor of 28 and 99035552?
28
Calculate the greatest common divisor of 66708 and 127174878.
1962
What is the highest common divisor of 2675090 and 78518?
1826
Calculate the highest common divisor of 1316 and 17008642.
658
Calculate the greatest common factor of 1449436252 and 68.
68
Calculate the greatest common divisor of 154975212 and 24.
12
What is the greatest common divisor of 12120 and 367320?
120
What is the greatest common factor of 85 and 126981755?
85
What is the greatest common factor of 3500157 and 24609?
1893
What is the greatest common factor of 4 and 15967787?
1
Calculate the highest common divisor of 48 and 12315528.
24
What is the highest common factor of 33374936 and 140?
28
Calculate the greatest common factor of 363 and 44842105.
11
Calculate the highest common factor of 127 and 121792492.
127
What is the highest common factor of 26255900 and 575?
25
What is the highest common divisor of 1603513 and 1102176?
3827
Calculate the highest common divisor of 2883132 and 3468.
204
What is the highest common divisor of 41714127 and 4095?
819
What is the greatest common factor of 43 and 1611416615?
43
What is the highest common factor of 95346 and 2520?
18
What is the greatest common factor of 149817656 and 16?
8
What is the highest common divisor of 382217 and 6743?
11
What is the greatest common factor of 31201779 and 1722?
861
Calculate the highest common divisor of 840552 and 552.
24
What is the greatest common divisor of 7854807 and 489?
489
Calculate the greatest common divisor of 2334922 and 12919216.
10286
Calculate the highest common factor of 34177 and 65637.
143
What is the greatest common divisor of 24057130 and 39625?
1585
Calculate the highest common divisor of 641889 and 1773.
9
Calculate the highest common factor of 454625 and 16297397.
3637
Calculate the greatest common divisor of 235056 and 27435.
177
Calculate the highest common factor of 1950 and 3601650.
1950
Calculate the highest common divisor of 19346600 and 6825.
2275
What is the highest common divisor of 6103 and 33218?
17
What is the greatest common divisor of 1057 and 23620779?
1057
Calculate the highest common factor of 43784426 and 28.
14
What is the greatest common divisor of 1694 and 412860?
14
What is the greatest common factor of 297 and 30344913?
9
Calculate the highest common divisor of 77526 and 4398.
6
What is the highest common factor of 226211856 and 39?
39
What is the highest common divisor of 1254 and 590304?
66
Calculate the highest common divisor of 6813222 and 1560.
78
What is the greatest common factor of 2120 and 9826465?
265
What is the highest common divisor of 230 and 28011769?
23
Calculate the highest common factor of 357 and 6133498.
119
Calculate the highest common factor of 63663 and 6.
3
What is the greatest common divisor of 328659935 and 565?
565
Calculate the greatest common factor of 3167 and 2578821593.
3167
Calculate the highest common factor of 1386 and 3049578.
126
Calculate the highest common factor of 3551 and 957899.
67
Calculate the highest common divisor of 129996 and 4679442.
414
What is the greatest common factor of 36861279 and 21?
21
Calculate the greatest common divisor of 61104747 and 1034.
517
Calculate the greatest common factor of 42091 and 124607.
49
Calculate the highest common divisor of 226 and 1547761.
113
Calculate the highest common factor of 5465498 and 3.
1
What is the greatest common divisor of 60 and 5603656?
4
What is the highest common factor of 902300 and 2660?
140
What is the greatest common factor of 4608100 and 16975?
175
Calculate the highest common divisor of 145 and 4034509.
29
What is the highest common divisor of 143 and 843206?
13
Calculate the highest common factor of 1142757 and 712929.
357
Calculate the highest common divisor of 5453246 and 22922.
146
What is the greatest common divisor of 2184 and 61278945?
273
What is the highest common divisor of 2226 and 143286984?
318
What is the highest common divisor of 625 and 26560?
5
Calculate the greatest common factor of 515678 and 101558.
986
What is the greatest common divisor of 7368 and 1238172?
12
What is the highest common divisor of 2029198 and 9154?
46
What is the highest common factor of 732040 and 4?
4
Calculate the greatest common factor of 43245 and 1482.
3
What is the highest common divisor of 596556 and 210240?
2628
Calculate the greatest common divisor of 68 and 540368.
4
Calculate the highest common factor of 18392 and 95057.
19
Calculate the highest common divisor of 1467900 and 248220.
1260
Calculate the greatest common factor of 157853556 and 4248.
2124
Calculate the greatest common divisor of 13987 and 1526429.
71
Calculate the highest common factor of 1026162 and 7758.
18
Calculate the highest common divisor of 6702200 and 1403.
23
What is the greatest common factor of 2346 and 24933288?
2346
What is the greatest common divisor of 10132728 and 40990?
8198
What is the highest common factor of 365894 and 2034?
226
Calculate the highest common divisor of 222 and 9064149.
111
Calculate the highest common divisor of 10371071 and 17.
17
Calculate the highest common factor of 9565162 and 87374.
158
What is the highest common factor of 24311 and 15454850?
3473
Calculate the highest common divisor of 65652 and 9492.
12
What is the greatest common factor of 23603576 and 72?
8
What is the highest common divisor of 1026532482 and 6?
6
Calculate the highest common factor of 11 and 633911.
1
What is the greatest common divisor of 5672446 and 416?
26
Calculate the highest common factor of 3890416 and 222224.
272
What is the greatest common divisor of 15512067 and 1377?
81
Calculate the highest common factor of 16577 and 1160027.
121
What is the highest common divisor of 264674 and 3422?
118
Calculate the greatest common factor of 9617 and 5959.
59
Calculate the greatest common divisor of 8 and 14517048.
8
What is the greatest common divisor of 8828500 and 300?
100
Calculate the greatest common factor of 177779 and 999530.
763
What is the greatest common factor of 10970 and 26690?
10
Calculate the highest common factor of 110 and 3343010.
110
Calculate the greatest common factor of 422288 and 128.
16
Calculate the greatest common factor of 440 and 776137120.
440
What is the highest common divisor of 840 and 26815656?
168
Calculate the highest common divisor of 64326 and 4395912.
906
Calculate the greatest common divisor of 2173 and 1286257.
53
Calculate the greatest common divisor of 78904327 and 17.
17
Calculate the greatest common factor of 1375 and 5382795.
55
What is the greatest common divisor of 2358 and 11034?
18
What is the highest common factor of 16500624 and 1344?
336
What is the highest common factor of 284530098 and 14913?
4971
What is the highest common factor of 66163 and 70087?
109
What is the highest common factor of 1530366 and 4920?
246
What is the highest common factor of 372042 and 4398?
6
What is the greatest common factor of 6984 and 52776?
72
Calculate the greatest common divisor of 15778891 and 205.
41
What is the highest common divisor of 283433 and 6727?
31
Calculate the highest common divisor of 166374580 and 160.
20
Calculate the greatest common factor of 88606 and 2464.
14
What is the highest common factor of 1042100 and 3678?
1226
What is the highest common factor of 23712777 and 33?
33
What is the greatest common factor of 114982348 and 186?
62
What is the greatest common divisor of 6335440 and 4?
4
What is the greatest common factor of 51669625 and 28000?
875
Calculate the greatest common factor of 445 and 227160.
5
Calculate the greatest common divisor of 504 and 1936152.
72
What is the highest common divisor of 8 and 38125844?
4
What is the highest common factor of 78783595 and 2090?
1045
Calculate the greatest common divisor of 28695 and 1357545.
15
Calculate the highest common divisor of 13176 and 1065528.
216
What is the highest common factor of 2151027 and 23983?
827
Calculate the highest common factor of 22009904 and 176624.
2128
Calculate the greatest common divisor of 593922 and 795214.
1106
What is the greatest common factor of 832 and 1678912?
64
Calculate the highest common factor of 2 and 2359154.
2
What is the greatest common factor of 2